{"id":29,"date":"2019-04-05T18:22:43","date_gmt":"2019-04-05T18:22:43","guid":{"rendered":"https:\/\/mikouveg.hu\/?page_id=29"},"modified":"2020-11-21T20:21:14","modified_gmt":"2020-11-21T20:21:14","slug":"uvegezes","status":"publish","type":"page","link":"https:\/\/mikouveg.hu\/","title":{"rendered":"\u00dcvegez\u00e9s"},"content":{"rendered":"\r\n<div class=\"wp-container-1 wp-block-group\">\r\n<div class=\"wp-block-group__inner-container\">\r\n<p><!--vcv no format--><\/p>\r\n<div class=\"vce-row-container\" data-vce-boxed-width=\"true\">\r\n<div id=\"el-d2eed86b\" class=\"vce-row vce-element--has-background vce-row--col-gap-30 vce-row-equal-height vce-row-columns--top vce-row-content--top\" data-vce-do-apply=\"all el-d2eed86b\">\r\n<div class=\"vce-content-background-container\">\r\n<div class=\"vce-asset-background-slider-container vce-visible-all-only vce-asset-background-slider--style-cover vce-asset-background-slider--position-center-top\">\r\n<div class=\"vce-asset-background-slider\" data-vce-assets-slider=\"2\" data-vce-assets-slider-effect=\"slide\" data-vce-assets-slider-slides=\".vce-asset-background-slider-items\" data-vce-assets-slider-slide=\".vce-asset-background-slider-item\">\r\n<div class=\"vce-asset-background-slider-items\">\r\n<div class=\"vce-asset-background-slider-item\" style=\"background-image: url('|!|vcvUploadUrl|!|\/2020\/11\/scott-webb-dWuNqs-mewE-unsplash-scaled.jpg');\">C\u00e9g\u00fcnk 1986.\u00f3ta foglalkozik \u00dcvegez\u00e9ssel,<\/div>\r\n<\/div>\r\n<\/div>\r\n<\/div>\r\n<\/div>\r\n<div class=\"vce-row-content\" data-vce-element-content=\"true\">\r\n<div id=\"el-4ea430e8\" class=\"vce-col vce-col--md-auto vce-col--xs-1 vce-col--xs-last vce-col--xs-first vce-col--sm-last vce-col--sm-first vce-col--md-last vce-col--lg-last vce-col--xl-last vce-col--md-first vce-col--lg-first vce-col--xl-first\">\r\n<div class=\"vce-col-inner\" data-vce-do-apply=\"border margin background  el-4ea430e8\">\r\n<div class=\"vce-col-content\" data-vce-element-content=\"true\" data-vce-do-apply=\"padding el-4ea430e8\">\r\n<div class=\"vce-text-block\">\r\n<div id=\"el-586a11d2\" class=\"vce-text-block-wrapper vce\" data-vce-do-apply=\"all el-586a11d2\">\r\n<p>Szakk\u00e9pzett munkat\u00e1rsaink b\u00e1rmilyen k\u00e9rd\u00e9s\u00fckre sz\u00edvesen v\u00e1laszolnak!<\/p>\r\n<p>V\u00e1llaljuk ajt\u00f3k,ablakok \u00fcvegez\u00e9s\u00e9t. Lakoss\u00e1gi- k\u00f6z\u00fcleti \u00fcvegez\u00e9s,t\u00fck\u00f6rszerel\u00e9s helysz\u00edni kisz\u00e1llit\u00e1ssal,\u00fcvegbe\u00e9p\u00edt\u00e9s,\u00fcveg szerel\u00e9ssel.<\/p>\r\n<p>Az \u00fcvegez\u00e9si munk\u00e1kat r\u00f6vid hat\u00e1rid\u0151vel,garanci\u00e1val,azonnali kisz\u00e1ll\u00edt\u00e1ssal is v\u00e1llaljuk. Szolg\u00e1ltat\u00e1sainkat Budapest \u00e9s vonz\u00e1sk\u00f6rzet\u00e9ben vehetik ig\u00e9nybe!&nbsp;<\/p>\r\n<\/div>\r\n<\/div>\r\n<\/div>\r\n<\/div>\r\n<\/div>\r\n<\/div>\r\n<\/div>\r\n<\/div>\r\n<p><em><strong>\u00dcvegek \u00e9s amivel dolgozunk:<\/strong> <\/em><br><em> -Huzalh\u00e1l\u00f3s (dr\u00f3t\u00fcveg) \u00fcveg be\u00e9p\u00edt\u00e9s, kopolit \u00fcvegez\u00e9s <br>-Lakoss\u00e1gi \u00fcvegez\u00e9st,cser\u00e9t,jav\u00edt\u00e1st helysz\u00ednen <br>-T\u00fck\u00f6r egyedi m\u00e9retben be\u00e9p\u00edtve<br>-Kirakat \u00fcvegez\u00e9s \u00e9s port\u00e1lk\u00e9sz\u00edt\u00e9s <br>-H\u0151szigetel\u0151 \u00fcvegez\u00e9s<br>-Zuhanykabinok <br>-Asztal lapok<\/em><br>Cser\u00e9l\u00fcnk s\u00e9r\u00fclt,t\u00f6r\u00f6tt ajt\u00f3-ablak \u00fcvegeket.<br>\u00dcvegez\u00fcnk b\u00fatorajt\u00f3kat is.<br><em><strong>Az al\u00e1bbi biztons\u00e1gi \u00fcvegekkel tudunk szolg\u00e1lni:<\/strong><\/em><br>-dr\u00f3th\u00e1l\u00f3s \u00fcvegek<br>-edzett \u00fcvegek (4-19mm)<br>-bet\u00f6r\u00e9st,\u00e1tdob\u00e1st akad\u00e1lyoz\u00f3 \u00fcvegek<br>-t\u0171zg\u00e1tl\u00f3 \u00fcvegek -goly\u00f3\u00e1ll\u00f3 \u00fcvegek<br>-h\u0151\u00e1ll\u00f3 \u00fcveg (3-4mm)<br>-biztons\u00e1gi \u00fcvegek<\/p>\r\n<p>\r\n\r\n<\/p>\r\n<p><em><strong>Ezekkel az \u00fcveg fajt\u00e1kkal dolgozunk:<\/strong><\/em><\/p>\r\n<p>\r\n\r\n<\/p>\r\n<p>-katedr\u00e1l\u00fcveg<br>-dr\u00f3t\u00fcveg<br>-edzett \u00fcveg<br>-savmart \u00fcveg<br>-homokf\u00fajt \u00fcveg<br>-clear white \u00fcveg<br>-h\u0151szigetel\u0151 \u00fcveg<br>-ragasztott \u00fcveg<br>-h\u0151\u00e1ll\u00f3 \u00fcveg -t\u00fck\u00f6r<br>-s\u00edk\u00fcveg<br>-parsol \u00fcveg<br>-reflexi\u00f3s \u00fcveg<br>-sz\u00ednes dekor\u00fcveg.<\/p>\r\n<p>\r\n\r\n<\/p>\r\n<p>K\u00f6sz\u00f6nj\u00fck,hogy megtisztelt minket figyelm\u00e9vel az oldalunkon!! <br>Rem\u00e9lj\u00fck,hogy seg\u00edtett\u00fcnk \u00e9s a megadott nyitvatart\u00e1sban rendelkez\u00e9s\u00fckre \u00e1llunk!! <br>Forduljanak hozz\u00e1nk bizalommal!!<\/p>\r\n<\/div>\r\n<\/div>\r\n<div class=\"wp-block-columns\">\r\n<div class=\"wp-block-column\">\r\n<p><\/p>\r\n<\/div>\r\n<\/div>\r\n\r\n<p>&nbsp;<\/p>\r\n\r\n<p><\/p>\r\n<p><\/p>\r\n<p><\/p>\r\n<p>&nbsp;<\/p>\r\n<p><!-- \/wp:freeform --><\/p>\r\n<p><!-- \/wp:group --><\/p>","protected":false},"excerpt":{"rendered":"<p>C\u00e9g\u00fcnk 1986.\u00f3ta foglalkozik \u00dcvegez\u00e9ssel, Szakk\u00e9pzett munkat\u00e1rsaink b\u00e1rmilyen k\u00e9rd\u00e9s\u00fckre sz\u00edvesen v\u00e1laszolnak! V\u00e1llaljuk ajt\u00f3k,ablakok \u00fcvegez\u00e9s\u00e9t. Lakoss\u00e1gi- k\u00f6z\u00fcleti \u00fcvegez\u00e9s,t\u00fck\u00f6rszerel\u00e9s helysz\u00edni kisz\u00e1llit\u00e1ssal,\u00fcvegbe\u00e9p\u00edt\u00e9s,\u00fcveg szerel\u00e9ssel. Az \u00fcvegez\u00e9si munk\u00e1kat r\u00f6vid hat\u00e1rid\u0151vel,garanci\u00e1val,azonnali kisz\u00e1ll\u00edt\u00e1ssal is v\u00e1llaljuk. Szolg\u00e1ltat\u00e1sainkat Budapest \u00e9s vonz\u00e1sk\u00f6rzet\u00e9ben vehetik ig\u00e9nybe!&nbsp; \u00dcvegek \u00e9s amivel dolgozunk: -Huzalh\u00e1l\u00f3s (dr\u00f3t\u00fcveg) \u00fcveg be\u00e9p\u00edt\u00e9s, kopolit \u00fcvegez\u00e9s -Lakoss\u00e1gi \u00fcvegez\u00e9st,cser\u00e9t,jav\u00edt\u00e1st helysz\u00ednen -T\u00fck\u00f6r egyedi m\u00e9retben be\u00e9p\u00edtve-Kirakat &hellip;<\/p>\n","protected":false},"author":1,"featured_media":0,"parent":0,"menu_order":0,"comment_status":"closed","ping_status":"closed","template":"","meta":{"ngg_post_thumbnail":0},"yoast_head":"<!-- This site is optimized with the Yoast SEO plugin v18.0 - https:\/\/yoast.com\/wordpress\/plugins\/seo\/ -->\n<title>\u00dcvegez\u00e9s | Mik\u00f3-Tri\u00f3 Kft<\/title>\n<meta name=\"robots\" content=\"index, follow, max-snippet:-1, max-image-preview:large, max-video-preview:-1\" \/>\n<link rel=\"canonical\" href=\"https:\/\/mikouveg.hu\/\" \/>\n<meta property=\"og:locale\" content=\"hu_HU\" \/>\n<meta property=\"og:type\" content=\"article\" \/>\n<meta property=\"og:title\" content=\"\u00dcvegez\u00e9s | Mik\u00f3-Tri\u00f3 Kft\" \/>\n<meta property=\"og:description\" content=\"C\u00e9g\u00fcnk 1986.\u00f3ta foglalkozik \u00dcvegez\u00e9ssel, Szakk\u00e9pzett munkat\u00e1rsaink b\u00e1rmilyen k\u00e9rd\u00e9s\u00fckre sz\u00edvesen v\u00e1laszolnak! V\u00e1llaljuk ajt\u00f3k,ablakok \u00fcvegez\u00e9s\u00e9t. Lakoss\u00e1gi- k\u00f6z\u00fcleti \u00fcvegez\u00e9s,t\u00fck\u00f6rszerel\u00e9s helysz\u00edni kisz\u00e1llit\u00e1ssal,\u00fcvegbe\u00e9p\u00edt\u00e9s,\u00fcveg szerel\u00e9ssel. Az \u00fcvegez\u00e9si munk\u00e1kat r\u00f6vid hat\u00e1rid\u0151vel,garanci\u00e1val,azonnali kisz\u00e1ll\u00edt\u00e1ssal is v\u00e1llaljuk. Szolg\u00e1ltat\u00e1sainkat Budapest \u00e9s vonz\u00e1sk\u00f6rzet\u00e9ben vehetik ig\u00e9nybe!&nbsp; \u00dcvegek \u00e9s amivel dolgozunk: -Huzalh\u00e1l\u00f3s (dr\u00f3t\u00fcveg) \u00fcveg be\u00e9p\u00edt\u00e9s, kopolit \u00fcvegez\u00e9s -Lakoss\u00e1gi \u00fcvegez\u00e9st,cser\u00e9t,jav\u00edt\u00e1st helysz\u00ednen -T\u00fck\u00f6r egyedi m\u00e9retben be\u00e9p\u00edtve-Kirakat &hellip;\" \/>\n<meta property=\"og:url\" content=\"https:\/\/mikouveg.hu\/\" \/>\n<meta property=\"og:site_name\" content=\"Mik\u00f3-Tri\u00f3 Kft\" \/>\n<meta property=\"article:modified_time\" content=\"2020-11-21T20:21:14+00:00\" \/>\n<meta name=\"twitter:card\" content=\"summary_large_image\" \/>\n<meta name=\"twitter:label1\" content=\"Becs\u00fclt olvas\u00e1si id\u0151\" \/>\n\t<meta name=\"twitter:data1\" content=\"1 perc\" \/>\n<script type=\"application\/ld+json\" class=\"yoast-schema-graph\">{\"@context\":\"https:\/\/schema.org\",\"@graph\":[{\"@type\":\"WebSite\",\"@id\":\"https:\/\/mikouveg.hu\/#website\",\"url\":\"https:\/\/mikouveg.hu\/\",\"name\":\"Mik\u00f3-Tri\u00f3 Kft\",\"description\":\"\u00dcvegez\u00e9s Mesterfokon\",\"potentialAction\":[{\"@type\":\"SearchAction\",\"target\":{\"@type\":\"EntryPoint\",\"urlTemplate\":\"https:\/\/mikouveg.hu\/?s={search_term_string}\"},\"query-input\":\"required name=search_term_string\"}],\"inLanguage\":\"hu\"},{\"@type\":\"WebPage\",\"@id\":\"https:\/\/mikouveg.hu\/#webpage\",\"url\":\"https:\/\/mikouveg.hu\/\",\"name\":\"\u00dcvegez\u00e9s | Mik\u00f3-Tri\u00f3 Kft\",\"isPartOf\":{\"@id\":\"https:\/\/mikouveg.hu\/#website\"},\"datePublished\":\"2019-04-05T18:22:43+00:00\",\"dateModified\":\"2020-11-21T20:21:14+00:00\",\"breadcrumb\":{\"@id\":\"https:\/\/mikouveg.hu\/#breadcrumb\"},\"inLanguage\":\"hu\",\"potentialAction\":[{\"@type\":\"ReadAction\",\"target\":[\"https:\/\/mikouveg.hu\/\"]}]},{\"@type\":\"BreadcrumbList\",\"@id\":\"https:\/\/mikouveg.hu\/#breadcrumb\",\"itemListElement\":[{\"@type\":\"ListItem\",\"position\":1,\"name\":\"Home\",\"item\":\"https:\/\/mikouveg.hu\/\"},{\"@type\":\"ListItem\",\"position\":2,\"name\":\"\u00dcvegez\u00e9s\"}]}]}<\/script>\n<!-- \/ Yoast SEO plugin. -->","yoast_head_json":{"title":"\u00dcvegez\u00e9s | Mik\u00f3-Tri\u00f3 Kft","robots":{"index":"index","follow":"follow","max-snippet":"max-snippet:-1","max-image-preview":"max-image-preview:large","max-video-preview":"max-video-preview:-1"},"canonical":"https:\/\/mikouveg.hu\/","og_locale":"hu_HU","og_type":"article","og_title":"\u00dcvegez\u00e9s | Mik\u00f3-Tri\u00f3 Kft","og_description":"C\u00e9g\u00fcnk 1986.\u00f3ta foglalkozik \u00dcvegez\u00e9ssel, Szakk\u00e9pzett munkat\u00e1rsaink b\u00e1rmilyen k\u00e9rd\u00e9s\u00fckre sz\u00edvesen v\u00e1laszolnak! V\u00e1llaljuk ajt\u00f3k,ablakok \u00fcvegez\u00e9s\u00e9t. Lakoss\u00e1gi- k\u00f6z\u00fcleti \u00fcvegez\u00e9s,t\u00fck\u00f6rszerel\u00e9s helysz\u00edni kisz\u00e1llit\u00e1ssal,\u00fcvegbe\u00e9p\u00edt\u00e9s,\u00fcveg szerel\u00e9ssel. Az \u00fcvegez\u00e9si munk\u00e1kat r\u00f6vid hat\u00e1rid\u0151vel,garanci\u00e1val,azonnali kisz\u00e1ll\u00edt\u00e1ssal is v\u00e1llaljuk. Szolg\u00e1ltat\u00e1sainkat Budapest \u00e9s vonz\u00e1sk\u00f6rzet\u00e9ben vehetik ig\u00e9nybe!&nbsp; \u00dcvegek \u00e9s amivel dolgozunk: -Huzalh\u00e1l\u00f3s (dr\u00f3t\u00fcveg) \u00fcveg be\u00e9p\u00edt\u00e9s, kopolit \u00fcvegez\u00e9s -Lakoss\u00e1gi \u00fcvegez\u00e9st,cser\u00e9t,jav\u00edt\u00e1st helysz\u00ednen -T\u00fck\u00f6r egyedi m\u00e9retben be\u00e9p\u00edtve-Kirakat &hellip;","og_url":"https:\/\/mikouveg.hu\/","og_site_name":"Mik\u00f3-Tri\u00f3 Kft","article_modified_time":"2020-11-21T20:21:14+00:00","twitter_card":"summary_large_image","twitter_misc":{"Becs\u00fclt olvas\u00e1si id\u0151":"1 perc"},"schema":{"@context":"https:\/\/schema.org","@graph":[{"@type":"WebSite","@id":"https:\/\/mikouveg.hu\/#website","url":"https:\/\/mikouveg.hu\/","name":"Mik\u00f3-Tri\u00f3 Kft","description":"\u00dcvegez\u00e9s Mesterfokon","potentialAction":[{"@type":"SearchAction","target":{"@type":"EntryPoint","urlTemplate":"https:\/\/mikouveg.hu\/?s={search_term_string}"},"query-input":"required name=search_term_string"}],"inLanguage":"hu"},{"@type":"WebPage","@id":"https:\/\/mikouveg.hu\/#webpage","url":"https:\/\/mikouveg.hu\/","name":"\u00dcvegez\u00e9s | Mik\u00f3-Tri\u00f3 Kft","isPartOf":{"@id":"https:\/\/mikouveg.hu\/#website"},"datePublished":"2019-04-05T18:22:43+00:00","dateModified":"2020-11-21T20:21:14+00:00","breadcrumb":{"@id":"https:\/\/mikouveg.hu\/#breadcrumb"},"inLanguage":"hu","potentialAction":[{"@type":"ReadAction","target":["https:\/\/mikouveg.hu\/"]}]},{"@type":"BreadcrumbList","@id":"https:\/\/mikouveg.hu\/#breadcrumb","itemListElement":[{"@type":"ListItem","position":1,"name":"Home","item":"https:\/\/mikouveg.hu\/"},{"@type":"ListItem","position":2,"name":"\u00dcvegez\u00e9s"}]}]}},"_links":{"self":[{"href":"https:\/\/mikouveg.hu\/index.php?rest_route=\/wp\/v2\/pages\/29"}],"collection":[{"href":"https:\/\/mikouveg.hu\/index.php?rest_route=\/wp\/v2\/pages"}],"about":[{"href":"https:\/\/mikouveg.hu\/index.php?rest_route=\/wp\/v2\/types\/page"}],"author":[{"embeddable":true,"href":"https:\/\/mikouveg.hu\/index.php?rest_route=\/wp\/v2\/users\/1"}],"replies":[{"embeddable":true,"href":"https:\/\/mikouveg.hu\/index.php?rest_route=%2Fwp%2Fv2%2Fcomments&post=29"}],"version-history":[{"count":11,"href":"https:\/\/mikouveg.hu\/index.php?rest_route=\/wp\/v2\/pages\/29\/revisions"}],"predecessor-version":[{"id":278,"href":"https:\/\/mikouveg.hu\/index.php?rest_route=\/wp\/v2\/pages\/29\/revisions\/278"}],"wp:attachment":[{"href":"https:\/\/mikouveg.hu\/index.php?rest_route=%2Fwp%2Fv2%2Fmedia&parent=29"}],"curies":[{"name":"wp","href":"https:\/\/api.w.org\/{rel}","templated":true}]}}